number?
False
Is 277349483 prime?
True
Is 27946829905 composite?
True
Is 1956630361 a prime number?
False
Is 1439370133 prime?
False
Is 261318451 composite?
False
Is 28901754103 prime?
True
Is 77796354929 a prime number?
True
Is 790095139 prime?
True
Is 4466719189 composite?
False
Is 168356073 a composite number?
True
Is 644667479345 composite?
True
Is 77295077 a prime number?
True
Is 22584199 composite?
True
Is 824320067 a composite number?
True
Is 787293401 prime?
True
Is 2125760617 a prime number?
False
Is 11722856627 composite?
False
Is 55466819951 a prime number?
True
Is 72258800189 composite?
True
Is 19908223039 prime?
False
Is 22842433715 prime?
False
Is 334439059 composite?
False
Is 21932771339 a prime number?
True
Is 451404799 a prime number?
True
Is 81123197 prime?
True
Is 764340107 a prime number?
True
Is 1337347997 a prime number?
True
Is 300108331 prime?
False
Is 4635558599 a prime number?
False
Is 148991971 prime?
True
Is 1070476571 composite?
False
Is 5056799431 a composite number?
False
Is 121377486001 prime?
False
Is 22270617731 a prime number?
True
Is 10406370907 a prime number?
False
Is 2356828039 prime?
False
Is 462321411 a prime number?
False
Is 19768856479 a prime number?
True
Is 53519151979 a composite number?
True
Is 2193188329 a prime number?
True
Is 4202812621 a composite number?
True
Is 2913434371 composite?
False
Is 65201180711 composite?
True
Is 256668653 a composite number?
False
Is 1482710009 prime?
False
Is 539998573 a prime number?
False
Is 253784683 a composite number?
True
Is 223982267831 composite?
True
Is 11333913049 prime?
True
Is 4946540719 a prime number?
False
Is 21240993535 a prime number?
False
Is 35591990351 prime?
False
Is 872001607 a prime number?
False
Is 1381980157 composite?
True
Is 20786339377 composite?
True
Is 15502401553 prime?
True
Is 237934859 a composite number?
False
Is 1593945893 a prime number?
True
Is 13255883737 prime?
False
Is 96475459985 a prime number?
False
Is 677275931 composite?
False
Is 3256177427 a prime number?
False
Is 5893390427 prime?
False
Is 7748149343 a prime number?
False
Is 1492273759 composite?
False
Is 40437252161 a prime number?
True
Is 1695849293 prime?
True
Is 275892697 prime?
True
Is 529576585 a prime number?
False
Is 1084232962 prime?
False
Is 4311789709 composite?
True
Is 2781641783 prime?
False
Is 19045562771 a composite number?
True
Is 26171821007 a composite number?
False
Is 166591597 prime?
True
Is 40418913167 prime?
False
Is 38986743547 composite?
True
Is 3709204669 a composite number?
True
Is 13556661185 a composite number?
True
Is 330871349 prime?
False
Is 469303303 a prime number?
False
Is 467259246931 a prime number?
True
Is 65066638807 composite?
False
Is 45051341 a composite number?
True
Is 3532762351 prime?
False
Is 16413026495 prime?
False
Is 20768941586 prime?
False
Is 157379533 composite?
False
Is 22705816865 composite?
True
Is 1284839341 composite?
True
Is 802180681 a prime number?
True
Is 8417754469 composite?
False
Is 14405891189 a prime number?
False
Is 3741561269 prime?
True
Is 95835556537 a composite number?
True
Is 50443359 composite?
True
Is 100794095 a prime number?
False
Is 442062881 composite?
True
Is 53169762791 prime?
False
Is 42633794953 a composite number?
False
Is 316347077 a prime number?
False
Is 578137007 a prime number?
False
Is 1154502163 a prime number?
True
Is 4686117871 composite?
True
Is 4789590847 a prime number?
True
Is 17341776911 composite?
True
Is 83537149 a prime number?
True
Is 9246456697 prime?
True
Is 1478034457 prime?
True
Is 26236725467 prime?
True
Is 919283609 composite?
False
Is 14859860597 a prime number?
False
Is 27314117353 a prime number?
True
Is 1478591111 prime?
False
Is 271706129 a prime number?
True
Is 5930412083 composite?
False
Is 640933130011 composite?
True
Is 40957873669 prime?
True
Is 4496728739 a composite number?
False
Is 687127183 a composite number?
True
Is 1969257683 composite?
False
Is 29137509943 a composite number?
False
Is 88785035303 composite?
True
Is 10882638881 composite?
False
Is 7845125429 a prime number?
False
Is 43018903 prime?
True
Is 580830917 composite?
True
Is 554204969 composite?
False
Is 7109285629 composite?
True
Is 759102733 a composite number?
True
Is 5111209717 a composite number?
True
Is 843750659 composite?
False
Is 17497974449 a composite number?
False
Is 3328036531 composite?
True
Is 6586893557 a composite number?
False
Is 60986603 a prime number?
False
Is 9617300519 a prime number?
True
Is 27028213909 a composite number?
False
Is 14818814089 a prime number?
False
Is 1100850743 a composite number?
True
Is 74903309857 composite?
True
Is 4238377651 a composite number?
False
Is 48867413753 composite?
True
Is 36626157487 prime?
False
Is 97899391 composite?
True
Is 139522697 composite?
False
Is 86625720127 composite?
True
Is 374329493 a composite number?
False
Is 12835119511 a composite number?
False
Is 12069223 a composite number?
True
Is 1768979 a composite number?
True
Is 2861314649 a prime number?
True
Is 620909813 composite?
False
Is 111171041 prime?
False
Is 6765067 prime?
True
Is 3739326677 a prime number?
True
Is 687618137 composite?
False
Is 1280353787 prime?
False
Is 7354754051 a prime number?
False
Is 69109317019 a composite number?
True
Is 20514497 composite?
False
Is 10450801447 prime?
False
Is 312539214121 a prime number?
True
Is 53812091 composite?
False
Is 16294035223 prime?
True
Is 943210381 a prime number?
False
Is 133773345703 prime?
True
Is 5793515401 a composite number?
False
Is 25630129903 a composite number?
True
Is 18190717759 a composite number?
False
Is 202284856769 composite?
False
Is 41823881 a prime number?
False
Is 657832661 a composite number?
True
Is 2721936031 prime?
False
Is 1553827019 a prime number?
True
Is 168746527 a composite number?
True
Is 3701145173 a composite number?
True
Is 320464008961 prime?
False
Is 2512935143 a composite number?
True
Is 43797913 a prime number?
True
Is 207011437 a composite number?
False
Is 4816869609 composite?
True
Is 1134015919 a composite number?
False
Is 5048924773 a prime number?
True
Is 14902961 composite?
True
Is 5394890821 composite?
False
Is 545679851 a prime number?
True
Is 5011522553 prime?
False
Is 622503649 a prime number?
False
Is 16862590799 a composite number?
False
Is 17632382279 composite?
True
Is 4722723361 a composite number?
False
Is 3082738445 prime?
False
Is 46718125033 prime?
True
Is 864518513 a prime number?
True
Is 1501079 composite?
True
Is 1858593479 prime?
True
Is 2042397251 composite?
False
Is 249785477 prime?
True
Is 3478324835 a composite number?
True
Is 2135656769 composite?
False
Is 1781152021 a prime number?
False
Is 3863211371 a composite number?
False
Is 3682963679 a prime number?
True
Is 28951145683 a prime number?
True
Is 649675199 prime?
True
Is 41597060267 composite?
True
Is 657079399 a prime number?
False
Is 793824847 composite?
False
Is 8127212957 a prime number?
True
Is 419055257 prime?
True
Is 32187028443 prime?
False
Is 1330878239 a prime number?
True
Is 2052102331 prime?
False
Is 445843219 prime?
False
Is 9669120973 composite?
False
Is 10741770379 prime?
True
Is 3180254003 prime?
False
Is 45200005957 a composite number?
False
Is 4720008977 a composite number?
True
Is 1581519463 a composite number?
True
Is 663393217 composite?
False
Is 68283290653 prime?
True
Is 2594108233 composite?
False
Is 47579755231 prime?
True
Is 511740193 a prime number?
True
Is 4556797279 a composite number?
True
Is 9048451717 a composite number?
False
Is 19266903793 a composite number?
True
Is 289796141 prime?
False
Is 3263381743 a composite number?
False
Is 3107673757 prime?
True
Is 363001523 a composite number?
True
Is 88899281187 a prime number?
False
Is 30787487 prime?
True
Is 713000269 a composite number?
True
Is 146317903 prime?
True
Is 192200039 a prime number?
False
Is 5116238249 prime?
False
Is 15147029779 composite?
True
Is 11019456997 prime?
True
Is 457548587 composite?
False
Is 1070134883 prime?
True
Is 1029776843 composite?
False
Is 117279024773 a prime number?
True
Is 8942019731 prime?
False
Is 106657057 prime?
False
Is 6838679 prime?
False
Is 105231521 prime?
True
Is 236252459 a prime number?
True
Is 2538471631 a prime number?
True
Is 11159848967 a prime number?